lse
Let g(j) = 5*j**3 + 14*j**2 + j - 13. Let k be (-6)/36 - 43*4/(-24). Is g(k) composite?
True
Let w be 7567258/29 - 2/(-29). Suppose -22*d + w = -2*d. Is d a composite number?
True
Suppose -8*s = -11 - 5. Let t be s/(-6) - 8*26/(-12). Let x(n) = 3*n**2 - 22*n - 4. Is x(t) prime?
False
Is (-139630)/(16 - 10 - (-16)/(-2)) composite?
True
Let q = 44 + -38. Is (399 + q)/5 + -2 a composite number?
False
Suppose 0 = 60*j - 70185469 - 27093247 + 25739096. Is j a prime number?
True
Let g(o) be the second derivative of -o**5/20 + 5*o**4/12 - o**3/3 - 5*o**2/2 - 8*o. Let f be g(4). Suppose -3*d = f*p - 1506, p + 3 = 2*p. Is d composite?
False
Let j be ((-4)/6)/((-5)/135*3). Suppose -8*u + 10*u - j = 0. Let v(t) = 243*t**2 - 4*t + 4. Is v(u) composite?
False
Suppose -2*d - 2580 = -102. Suppose -13*q + 12*q = -4, 3572 = -2*g - 3*q. Let t = d - g. Is t prime?
False
Suppose -8*g + 13*g + 65 = 0. Let d = g + 134. Suppose 4*w - d = 115. Is w composite?
False
Suppose -2*o + 4*m + 2 = 2*m, -20 = 5*m. Let h be o/((-12)/(-4)) + 2 - 3150. Let s = h - -5442. Is s a composite number?
False
Let k = -380698 - -556955. Is k composite?
True
Let l(j) = -j**3 - 4*j**2 + 12*j - 2. Let y be l(-6). Is (8/(-6) - y)/(8/35196) a prime number?
False
Let d be (-15)/(10/(-2))*9129/(-9). Let j = -1632 - d. Is j a composite number?
True
Suppose 4*m - 1178036 = 17*t - 22*t, 3*t = -5*m + 1472545. Is m a composite number?
False
Suppose -43*s + 514 = -41*s. Let w = s - 163. Let g = -51 + w. Is g composite?
False
Let x(l) = 12*l - 9 + 21 + 25*l + 27. Let v be x(22). Suppose -v = -5*y + 2602. Is y a composite number?
False
Suppose -33 + 2450 = s - k, -k = -5*s + 12093. Suppose -12*j + s + 6101 = 0. Let g = j - 393. Is g a composite number?
False
Let i(l) = 18*l**3 + 295*l**2 + 2*l - 19. Is i(22) a composite number?
True
Suppose -3*u = -301 + 277. Is (-4 + (-642)/u)/(1/(-4)) composite?
False
Suppose 0 = 3*h - 2*p - 8 - 6, 0 = 4*h + 2*p. Suppose 2*y = -h, 2*t - y + 0*y = 91. Suppose 5*o - 4*r - 169 = 0, -r - t - 121 = -5*o. Is o composite?
True
Let b(y) = -50*y + 133. Let x be 71/(-3) + (3/(-9) - 0). Is b(x) a composite number?
True
Let d = -7973 - -7274. Let h be (38*-1)/(2/(-62)). Let v = h + d. Is v prime?
True
Suppose -510*b = -26*b + 63*b - 52531145. Is b prime?
False
Suppose -1241715 = -8*a - 25*a + 18*a. Is a a composite number?
False
Let p(r) = r**2 + 5*r + 8. Let u be p(-5). Suppose 28*a = 30*a - u. Suppose 16 + 232 = a*v. Is v composite?
True
Suppose 4*x + 4*m = 192, 3*x - 166 - 13 = 4*m. Suppose -221246 = -x*t + 96701. Is t a composite number?
True
Let v = 56873 - -68376. Is v a prime number?
False
Suppose 0*h + 3*h = -h. Suppose -2*b + 41 - 23 = h. Is ((-534)/b)/(((-16)/(-42))/(-4)) prime?
False
Let l = 72 - 70. Suppose 5*s - l*s = -4*f + 1312, -5*f - 2210 = -5*s. Let a = 1021 - s. Is a a prime number?
False
Is (1 + 2)*3 + 7044998/31 a composite number?
False
Suppose -78*g + 1760355 = -1506831. Is g a prime number?
True
Let l(a) = 86*a**2 + 156*a - 621. Is l(-67) prime?
True
Suppose -43 - 3015 = -3*p + 4*m, 3*p + m = 3038. Let y be (2/(-4))/(4/(-5672)). Let h = p - y. Is h composite?
True
Let p be 60/50*(-620)/(-6). Let c = 1989 - p. Is c a prime number?
False
Let f(a) = -16451*a + 3750. Is f(-59) a composite number?
False
Let d = -26427 - -75718. Is d prime?
False
Let x = 236692 - 100427. Suppose x = 20*i - 318435. Is i prime?
False
Let v = 365194 + 302877. Is v a prime number?
False
Let u(j) = -j**3 - 4*j**2 - 3*j. Let k be u(-3). Suppose k = -191*b + 196*b - 23015. Is b composite?
False
Let k be (2*4/(-8) - 4) + 38929. Suppose k = 60*n - 56*n. Is n a composite number?
True
Let k(j) = -2*j**2 - 3*j - 8. Let g be k(-4). Let t be (-492)/(-21) - (-12)/g. Let i = t - -104. Is i composite?
False
Let n = 49 - 46. Let w(b) = 62*b**3 - 5*b**2 - 1. Let k be w(n). Suppose -2*u + 1066 = -4*v, 4*u + v - k - 540 = 0. Is u a prime number?
True
Let a(r) = -496*r - 3. Let l be a(-2). Let z = -580 + 674. Suppose 4*m + z - 441 = -i, 3*i - l = m. Is i prime?
True
Suppose -5*z - 2 = -4*z, -16 = -q + 5*z. Let x be (-12 - -12)*3*(-4)/36. Suppose x = -q*d + 1021 + 3305. Is d a composite number?
True
Suppose -5*d - 4*v + 1032 + 3258 = 0, -v - 867 = -d. Let b = d + -1490. Let t = b - -1421. Is t prime?
False
Suppose 26*h - 12644680 - 2648157 = 2821389. Is h prime?
False
Let l = -125 - -128. Suppose -l*s - 130 = -d - 794, 2*s + 3*d = 461. Is s a composite number?
False
Suppose -5*y + 0 = -15. Suppose 0 = -y*c - 5*j - 44, -5*c - 2*j + 4*j - 63 = 0. Let i(b) = -b**2 - 21*b - 25. Is i(c) composite?
False
Let t = 8899 - 3087. Let g = -3369 + t. Is g a prime number?
False
Let q = -1323 + 4137. Suppose 6 = -36*o + 186. Suppose 0*d - 3*s + q = 3*d, o*s = -5. Is d a composite number?
True
Suppose 254*g - 18 = 248*g. Suppose 4*u + g*b = 3560, 17*b - 22*b = -20. Is u prime?
True
Suppose 16*k = 451228 + 2325604. Suppose 8*t - k = -6824. Is t composite?
True
Suppose -y + 305 = -825. Suppose -4*k + 6*k - y = -2*a, -a - 1 = 0. Is k a composite number?
True
Suppose -17*m + 18*m = -28. Let u = m - -50. Suppose u*n + 7385 = 27*n. Is n a composite number?
True
Suppose -4 = -2*z, 3*c - z - z + 13 = 0. Let b be 5 + c + -4 - 9/3. Is -211*(b/10)/(3/6) a composite number?
False
Let a(i) = -262*i**3 + 11*i**2 - 12*i - 28. Is a(-9) prime?
True
Suppose -493398 - 203757 = -15*g. Is g prime?
True
Let n be (-190)/(-4)*(4 - 2112/30). Is n*(3 + -1)/(-4) a prime number?
False
Suppose 3*b - 4*m = 25957, 19*b - 22*b - 4*m = -25997. Let i = b - 6156. Is i a prime number?
True
Suppose 4*i = -t + 15089, -t + 4*i = -2009 - 13080. Is t a composite number?
True
Let l be 45217 + 3 + 12/((-9)/3). Is ((-1)/4)/((-24)/l) prime?
False
Suppose 0 - 10 = 5*l + 4*u, 0 = 2*l + 3*u + 11. Suppose -l*c + 1386 + 2290 = 0. Is c a composite number?
True
Let v(n) be the second derivative of -471*n**5/20 - n**4/12 - n**3/3 - 5*n**2/2 + 2*n - 3. Is v(-2) a composite number?
True
Suppose -n = 4*n - 3*b + 32, 4*b = 16. Let k be 45/(-10)*n/6. Suppose k*q - 2*c - 826 = 3*c, -836 = -3*q - 5*c. Is q a prime number?
True
Is ((-267666)/(-24))/((-3)/(-12)) composite?
True
Let h be 4*8/56*7. Is ((-116361)/(-27) + h)*3 a composite number?
False
Suppose 6*j - 20 = j, -2*i = -4*j + 8. Suppose -6*z - 254239 = -i*v - 3*z, z + 1 = 0. Is v prime?
True
Let h(q) be the third derivative of 307*q**6/120 + q**5/60 - q**4/8 + q**3/3 - q**2. Suppose 5*u + 2 = -3*p, p + 242 = 5*u + 248. Is h(p) a composite number?
False
Let m(x) = x**3 + 142*x**2 - 197*x + 125. Is m(-68) prime?
True
Let w be 2*(49/14 - 1). Suppose -2*n = 5*z - 46478 + 3963, 5*n + 42515 = w*z. Is z a composite number?
True
Let q = 11051 - -427346. Is q composite?
True
Suppose 0 = 9*b - 18 - 0. Suppose -b*d = d - 24. Is ((-444)/15)/(d/(-20)) prime?
False
Is (-20)/(-22) + 2662002/22 a composite number?
False
Let x = 30 + -36. Is (-14572)/x*(-96)/(-64) prime?
True
Let g(m) = 2819*m**2 + 125*m - 247. Is g(2) prime?
True
Let m = -106210 + 258272. Is m a composite number?
True
Suppose -5*v = -11*v + 40092. Let w be v/(-8) - (-3)/12. Let x = -204 - w. Is x prime?
True
Let x be (1 - (-2 + 0)) + (-28)/7. Let h be (x - (-30526)/14) + (-30)/70. Suppose 5*l = -414 + h. Is l composite?
False
Let m(r) = -2*r**2 - 69*r - 26. Let v be m(-34). Suppose 2*s = v - 2, -2*w + 1718 = -4*s. Is w prime?
False
Let s(d) = 6*d - 55. Let x be s(10). Suppose -4*z = -5*c + 6293, x*c = -2*z + 9100 - 2789. Is c a prime number?
False
Let g(z) = -7*z**2 + 27*z + 8. Let q be g(4). Is 2 - (4/q*-3 - 8204) a prime number?
True
Let g(w) = 75*w**2 - 7*w - 5. Let m be g(-7). Let c = m - 1734. Is c a prime number?
False
Suppose -j = -3*j + 17084. Let b(m) = -m**2 + 8*m + 50. Let o be b(12). Suppose -4*l - 3*z - o*z = -6839, 5*l = -4*z + j. Is l a composite number?
True
Let p = 4218 + 32195. Is p a prime number?
False
Suppose 0 = -2*d - f + 6 + 3, d + 3*f - 12 = 0. Let l = -1190 - -1195. Suppose d*o + 0*c - 4875 = -3*c, -l*o = -5*c - 8085. Is o a prime number?
True
Let o(n) = -n**2 - 14*n - 23. Let t(h) = h - 1. Let j(g) = -o(g) - 3*t(g). Let l be j(-8). Is (-8440)/60*(0 - 3/l) composite?
False
Let q(a) be the third derivative of a**5/30 + 73*a**4/24 - 23*a**3/6 + 9*a**2 + 1. Is q(16) composite?
False
Suppose 11 - 39 = -2*c. Suppose 314207 = c*v + 15405. 